Let u(p) = 2*p - 1. Let l be u(-2). Let r(t) = t + 2. Let k be r(-15). Let z = l - k. What is the units digit of z?
8
Let w be ((-4)/(-3))/((-2)/(-3)). Suppose 6 = -3*n - 3*f, 0*n - w*n = 3*f + 6. Suppose 0 = -3*q + 2*l - n*l + 12, 3 = -l. What is the units digit of q?
2
Let w = -10 - -11. Let f = w - -3. What is the units digit of f?
4
Let u = 15 - 18. What is the units digit of u/(-9) - (-17)/3?
6
Suppose 7*y = 12*y - 525. What is the units digit of y?
5
Let v = 11 - 18. Let k(g) be the second derivative of -g**4/12 - 7*g**3/6 + 9*g**2/2 - 19*g. What is the units digit of k(v)?
9
Let v be -19*6/(-2) - 1. Let r = v + -85. Let j = 40 + r. What is the units digit of j?
1
Let q be 3/4 + (-26)/(-8). Suppose -2*g + 2 = -q. Suppose -g + 17 = 2*x. What is the units digit of x?
7
Suppose 0 + 8 = 4*x. Suppose 13 = x*t - 3. What is the units digit of t?
8
Suppose 0 = 3*g + 3*i, -3*g - i + 0 = 2. Let n(z) = -2*z + 1. Let h be n(-1). Let f = h + g. What is the units digit of f?
2
Suppose 3*l = l - 2. Let m = -18 - -9. Let s = l - m. What is the units digit of s?
8
Let d(s) = -s**3 - 9*s**2 - 7*s + 5. Let f be d(-8). What is the tens digit of (-30)/(f/(-24)*-6)?
4
Let v = -19 - -25. What is the units digit of v?
6
Let p be (4 - 1 - 6) + 7. Suppose p*l = 9*l - 150. What is the tens digit of l?
3
Let l = 429 + -267. What is the hundreds digit of l?
1
Suppose 3*y - 29 = c, -2*c + 5 + 58 = 5*y. What is the tens digit of y?
1
Suppose 0 = 2*y - 6 - 4. Let u be 3/(y - 2)*-1. Let s(w) = 8*w**2 - 2*w - 1. What is the units digit of s(u)?
9
What is the tens digit of 1078/6 + ((-64)/(-12) - 5)?
8
Let r(p) = p**3 - 5*p**2 + 4*p + 6. What is the tens digit of r(5)?
2
Let i(c) = 2*c**2 + 4*c + 24. What is the hundreds digit of i(7)?
1
Let j(d) = -d**3 + 5*d**2 + 2*d - 6. Let a be j(5). Suppose -12 = -4*x + a. Let u(g) = -g**3 + 5*g**2 - 3*g. What is the units digit of u(x)?
4
Let t(p) = p**3 - 4*p**2 - 10*p + 9. What is the units digit of t(6)?
1
Let y = -3 + -7. Let a(d) = d**3 + 9*d**2 - 11*d - 2. What is the units digit of a(y)?
8
Let w(r) = r**3 - 21*r**2 - 42*r + 40. What is the units digit of w(23)?
2
Suppose 2*h = 3*h. Suppose -4*g + 2*g - 2 = -3*c, -4*c + g + 11 = h. What is the units digit of c?
4
Let r = -1 - -4. Suppose 0 = -4*o + d + 44, 0*o + 4*o - 28 = -r*d. What is the units digit of o?
0
Let g(y) = -4*y + 2. Let f be g(3). Let s be f/2 + (-4)/(-2). What is the units digit of (s/(-9))/((-2)/(-24))?
4
Suppose -9*g = -4*g. Suppose g = -4*n + 4. Suppose -2*j = -35 - n. What is the tens digit of j?
1
Suppose 6 = -3*l + 24. Suppose 4*d - 8 = -0. Suppose u - l = -u + k, 4*u + d*k = 20. What is the units digit of u?
4
Suppose -b + 2*z = -129, 3*b - 397 = 7*z - 3*z. What is the hundreds digit of b?
1
Let o(v) = -v + 6. Let r be o(6). What is the units digit of (-1 - r)*(-6 - 6)?
2
Let u be (6/4)/(18/(-48)). Let i = u - -2. Let n = -1 - i. What is the units digit of n?
1
Suppose l + r - 36 = 0, -4*l + r + 116 = -l. What is the tens digit of l?
3
Let f = 114 + -58. What is the units digit of f?
6
Let n(g) = -2*g + 4*g + 3 + g**3 + 2*g**2 + 1 - 2*g**3. What is the units digit of n(3)?
1
Suppose -m + 71 = -35. Suppose 4*w + m - 303 = 5*s, w - 3*s - 51 = 0. What is the tens digit of w?
4
Let v(o) = -o + 34. Let t(c) = c - 33. Let m(b) = 2*t(b) + 3*v(b). What is the tens digit of m(0)?
3
Let r be 40/16 - (-2)/(-4). Suppose -63 = -r*t + 1. What is the tens digit of t?
3
Let f(o) = -o**2 + 7*o + 4. Let c be f(8). Let s = c - -7. Suppose i = s + 5. What is the units digit of i?
8
Suppose -4*p = 3*i - 10, p - 3 = i - 2*i. Suppose -t = 5*h - 36, 2*t - 72 = -i*t - 2*h. What is the units digit of t?
6
Let g(c) = -2*c - 2. Let t be g(5). Let l be 5/(-2)*(1 + 1). Let f = l - t. What is the units digit of f?
7
Suppose 3*u + 160 = 5*u. Let x = u - 52. What is the units digit of x?
8
Suppose 0 = 3*i - 0*z - z + 12, 0 = -4*i + z - 15. Let d(j) = j**2 - 3*j + 1. What is the tens digit of d(i)?
1
Suppose 3*r + 4*v - 2 = 9, -5*r + 24 = v. Suppose -c + x + 17 = 0, -r*c - 4*x + x + 125 = 0. What is the units digit of c?
2
Suppose g - 4 + 0 = 0. Suppose -2*t + g = -t, 3*u = 2*t + 49. What is the units digit of u?
9
Suppose 22 = -5*b + 3*d, b - 5*d = 2*b - 18. Let q be (-5)/(-2*(-1)/b). Let l(n) = -n**2 + 5*n + 7. What is the units digit of l(q)?
7
Let x be (-7 - 2/1)/1. Let y = -6 - x. What is the units digit of y?
3
Let h = 2 + 1. Let k be (0 + h/(-2))*-2. What is the tens digit of (-1)/(k/33*-1)?
1
Let l be (-20)/(-6) + 5/(-15). Suppose -30 = -f + a, 5*f - l*a - a - 149 = 0. What is the tens digit of f?
2
Let n be 6*(-2 - (-16)/6). Suppose n*j - 10 = h, 9*j - 3*h - 9 = 4*j. Suppose 0 - 6 = -j*i. What is the units digit of i?
2
Suppose 0 = 4*i - 7*i - 3*t + 36, 4*i + 5*t - 45 = 0. What is the tens digit of i?
1
Let n = -165 - -308. What is the hundreds digit of n?
1
Let u(f) be the third derivative of -f**4/8 + 7*f**3/6 - 2*f**2. What is the tens digit of u(-7)?
2
Let b = 257 - 176. What is the units digit of b?
1
Let h(t) = t**3 + 5*t**2 + t + 7. Let j be h(-5). Suppose -b = j - 56. What is the tens digit of b?
5
Let h = 3 - 2. Suppose -2*s + h = -1. What is the units digit of s?
1
Let x = 87 - 129. What is the tens digit of ((-1)/(-3))/((-1)/x)?
1
Let s(u) = -u**2 - 6*u - 8. Let q be s(-4). Suppose -2*v + 4 + 8 = q. What is the units digit of v?
6
Let w(z) = 5*z + z**2 - 4 - 4 + 5*z**3 - 5. Let r(t) = -14*t**3 - 4*t**2 - 16*t + 38. Let q(g) = -6*r(g) - 17*w(g). What is the tens digit of q(8)?
1
Let w(a) = -a**3 - 8*a**2 - 2*a - 7. Let l be -6 - (2/2 + 1). What is the units digit of w(l)?
9
Suppose -1 = 3*a + 2. Let f(c) = 16*c**2 - c. What is the units digit of f(a)?
7
Suppose -b + 2 = 0, 5*b + 127 - 605 = -2*k. What is the tens digit of k?
3
Let v(c) = 5*c. Let y be v(1). Suppose 0 = -y*t - 20, 3*t - 15 = z + 6*t. What is the units digit of (-41)/z - (-4)/12?
4
Let v(d) be the first derivative of -3*d**2 + 8*d + 1/3*d**3 - 2. What is the units digit of v(6)?
8
Let m be -1 - 12 - (-15)/5. Let c be ((-15)/m)/(3/44). Suppose -c = -y - y. What is the tens digit of y?
1
Let d(u) = u**3 - 8*u**2 - u + 6. Let s be d(8). Let b = s + 1. What is the units digit of (3 - 0) + 1/b?
2
Let k(d) be the third derivative of d**4/12 - 7*d**3/6 - d**2. Let j be (-4)/(-10) - 38/(-5). What is the units digit of k(j)?
9
Let r = 84 - -148. What is the units digit of r?
2
Let y(o) = o**2 - 14*o + 15. Let b be y(12). Let t = b - -11. What is the units digit of t?
2
Suppose -15 + 54 = c. What is the tens digit of c?
3
Let p = 312 + -175. What is the units digit of p?
7
Let w be 105/20 + 3/4. Suppose -x + 2*x = w. What is the tens digit of 70/x + 4/(-6)?
1
Suppose 9 = -5*q + 24. Suppose l - q + 16 = 0. Let u = 4 - l. What is the units digit of u?
7
Let q(y) = 2 + 4*y - 2*y + 2*y - y. What is the units digit of q(3)?
1
Let n(c) = c**3 + 6*c**2 + 7*c + 5. Let i be n(-4). Let r be (-1)/(-2 - (-17)/i). Suppose m - r = -0*m. What is the units digit of m?
9
Suppose 2*l - x = -2*x + 15, 3*l + 5*x = 40. Suppose -128 = -l*u + u. Suppose 4*r = -0*r + u. What is the units digit of r?
8
Suppose 3*q = -2*a + 36, 4*q - 59 = -2*a - 11. Let k = q + -5. Suppose -k*x + 35 = -2*x. What is the units digit of x?
7
Suppose -3*y - 26 = -80. What is the tens digit of y?
1
Let u = -13 - -22. What is the units digit of (2 - (-48)/(-27))*u?
2
Suppose -5*m + 19 + 1 = 0. Suppose 5*x = 26 + m. What is the units digit of (-5 - -17)/(x/4)?
8
Let y = -10 + 2. What is the tens digit of 54 + 3*y/6?
5
Let a(f) = -f**2 + 7*f. Let s be a(7). Suppose i + 14 = j, -3*j + 2*i - 11 + 57 = s. What is the tens digit of j?
1
Let r be 8/((-8)/(-2)) - 0. Suppose 0 = r*b - 5*b + 135. What is the tens digit of b?
4
Let v(s) = -4*s**3 + s**2 - 2. Let p be v(-3). Suppose p + 61 = 4*n. What is the tens digit of n?
4
Suppose -z + 10 = 1. What is the units digit of z?
9
Let p(l) = 3*l**3 - 2*l**2 - l + 6. Let w = 22 + -16. Let f(x) = 9*x**3 - 6*x**2 - 3*x + 17. Let m(y) = w*f(y) - 17*p(y). What is the units digit of m(2)?
4
Suppose -a = 4*k - 14, 3*k - 5 = 4*k - 4*a. Suppose 3*l = 2*r + 150, 0*l - 150 = -k*l - 4*r. What is the tens digit of l?
5
Let s = 60 - -3. What is the units digit of s?
3
Let j(k) = 12*k + 4. Let q be j(7). Let y be (-16)/q + (-42)/11. W